osite?
False
Is 662078265005 composite?
True
Is 2687631187 a composite number?
True
Is 3569213449 prime?
True
Is 17869769639 prime?
False
Is 48464329 a prime number?
True
Is 251635799 composite?
True
Is 7988570773 prime?
False
Is 207238081 composite?
True
Is 821515897 prime?
True
Is 314518541 prime?
True
Is 57284633867 prime?
False
Is 1905565954 a prime number?
False
Is 102267802162 composite?
True
Is 9034138921 a composite number?
True
Is 3907257911 composite?
False
Is 8062802563 composite?
True
Is 879632387 prime?
False
Is 9906499597 prime?
True
Is 328099721 a composite number?
False
Is 91191569257 composite?
False
Is 21705571967 a composite number?
True
Is 564311009 a prime number?
False
Is 1337994281 a composite number?
True
Is 80605297 a composite number?
True
Is 1073873557 a composite number?
False
Is 4017621637 prime?
True
Is 8236164491 composite?
False
Is 13498286899 prime?
True
Is 1780065493 composite?
True
Is 3374890873 composite?
False
Is 2598437867 a prime number?
False
Is 6421333453 prime?
False
Is 37359266779 prime?
False
Is 1635011926 prime?
False
Is 288280807 composite?
False
Is 1056408673 a composite number?
False
Is 10946807 composite?
True
Is 710707267 a composite number?
True
Is 1943222117 a composite number?
True
Is 14720104463 a composite number?
True
Is 8353086083 composite?
False
Is 32765752259 prime?
True
Is 235756931 prime?
False
Is 9028997057 a prime number?
True
Is 15738691117 a composite number?
False
Is 4070029319 prime?
True
Is 140803489 a prime number?
False
Is 231549329 a composite number?
True
Is 16469472913 prime?
True
Is 37677145039 a prime number?
True
Is 534959081 a composite number?
True
Is 43893323 a composite number?
False
Is 70675983611 a composite number?
False
Is 11534359523 composite?
False
Is 12204229267 composite?
True
Is 816450064739 a prime number?
True
Is 4586971951 a prime number?
False
Is 28435684747 a prime number?
True
Is 154320503 a composite number?
True
Is 5236594709 composite?
False
Is 4729873601 composite?
False
Is 1472563045 prime?
False
Is 296063611 a prime number?
False
Is 3893806801 prime?
False
Is 600196045 prime?
False
Is 164962333 prime?
True
Is 12457213973 a composite number?
True
Is 233066473 prime?
False
Is 4381094797 composite?
False
Is 18424201 composite?
False
Is 1364642746 a prime number?
False
Is 131875806187 prime?
True
Is 2520466621 composite?
False
Is 79253690371 a composite number?
True
Is 205824480881 composite?
False
Is 17906327473 prime?
False
Is 533735933 a composite number?
False
Is 678330403 a composite number?
False
Is 39732613 a composite number?
True
Is 1613570627 prime?
True
Is 17606960681 a composite number?
True
Is 25250147453 a composite number?
True
Is 7928172361 a composite number?
True
Is 14858442877 prime?
False
Is 477036689 composite?
True
Is 14776255541 composite?
False
Is 609011633 prime?
True
Is 215898941 prime?
True
Is 74713828859 a composite number?
False
Is 65867717381 a composite number?
False
Is 1068138127 prime?
False
Is 67659971 a prime number?
True
Is 97256916619 composite?
True
Is 436177433 a prime number?
False
Is 33622652633 composite?
False
Is 39480796757 a prime number?
False
Is 16479449179 a prime number?
True
Is 9792262721 a prime number?
True
Is 155164114607 prime?
True
Is 513503854273 prime?
False
Is 249921179 a composite number?
True
Is 1657834741 a composite number?
False
Is 6474239309 a composite number?
False
Is 18886869633 composite?
True
Is 120100011149 composite?
False
Is 1021673713 prime?
False
Is 675886303 a prime number?
False
Is 16525027153 a composite number?
True
Is 159023777441 composite?
True
Is 506311619 a composite number?
True
Is 16567747543 composite?
True
Is 2633783137 composite?
False
Is 1128493801 prime?
True
Is 45009762019 prime?
False
Is 10684697263 a prime number?
True
Is 67921547 composite?
False
Is 36071276273 composite?
False
Is 12650273231 a prime number?
True
Is 31923932767 prime?
True
Is 330207179 composite?
False
Is 12067847419 composite?
True
Is 754877713 prime?
False
Is 12387189797 a composite number?
False
Is 8587488803 a composite number?
False
Is 4933153111 composite?
False
Is 174896227 composite?
True
Is 223942129 a composite number?
False
Is 12837567203 composite?
True
Is 6505872167 composite?
True
Is 155982397 a composite number?
True
Is 34203049 composite?
True
Is 449353837 a composite number?
False
Is 93712259 a prime number?
True
Is 62020221547 a composite number?
False
Is 1050924619 a composite number?
True
Is 321657563 prime?
True
Is 6325811399 composite?
True
Is 145195387 prime?
True
Is 79834331183 a prime number?
True
Is 507767503 prime?
False
Is 9778073117 prime?
False
Is 75657067 a composite number?
False
Is 29740340909 a composite number?
False
Is 731730859 prime?
True
Is 608883413 a composite number?
False
Is 26175860785 a composite number?
True
Is 405804499 composite?
False
Is 1836664069 a prime number?
True
Is 1708041539 prime?
False
Is 1932448207 composite?
False
Is 11520839989 prime?
False
Is 66056623 composite?
False
Is 11645734031 prime?
False
Is 1621677929 composite?
False
Is 7252961669 composite?
True
Is 21614387 prime?
False
Is 129613541 composite?
False
Is 337045994179 a composite number?
False
Is 99883028971 prime?
False
Is 58823474621 a prime number?
True
Is 1608439709 a prime number?
True
Is 1048649347 composite?
True
Is 55591653497 a composite number?
True
Is 9172283339 a prime number?
True
Is 52760892337 prime?
True
Is 9220281173 composite?
False
Is 2863644551 prime?
True
Is 25453922149 prime?
True
Is 773495843 prime?
True
Is 43278278653 a composite number?
True
Is 481617866 a composite number?
True
Is 33026389279 a composite number?
True
Is 16074338591 a composite number?
False
Is 217262293 a prime number?
False
Is 25602262489 composite?
False
Is 13559908127 prime?
True
Is 3283844953 prime?
True
Is 57354278659 composite?
False
Is 12364438051 composite?
True
Is 11397044305 a composite number?
True
Is 636457349 a prime number?
False
Is 2454070627 a composite number?
False
Is 751636649 composite?
True
Is 2775365951 prime?
True
Is 22904769551 prime?
True
Is 1014102931 prime?
True
Is 203845073 a prime number?
True
Is 446853500183 prime?
True
Is 4209162091 prime?
True
Is 7108746077 a prime number?
True
Is 2601190789 a composite number?
False
Is 3121333937 prime?
True
Is 4618884801 composite?
True
Is 5828472709 composite?
False
Is 310984997 composite?
False
Is 1193506651 composite?
False
Is 20712530939 composite?
False
Is 2384914369 a prime number?
True
Is 2619512419 a composite number?
True
Is 3273120791 composite?
False
Is 10630875701 composite?
True
Is 23046680483 prime?
True
Is 220569005453 a prime number?
True
Is 67741839593 composite?
False
Is 28133176651 prime?
True
Is 6428539945 a prime number?
False
Is 1113886853 a prime number?
False
Is 2749625003 a prime number?
False
Is 13958151847 prime?
True
Is 2759601389 prime?
False
Is 12017100229 composite?
False
Is 1005932218 a prime number?
False
Is 10992943259 prime?
False
Is 6117038077 prime?
False
Is 21469070869 composite?
False
Is 877116169 a prime number?
True
Is 10249309507 prime?
False
Is 17544212603 a prime number?
False
Is 5674453897 prime?
False
Is 76145401823 a composite number?
True
Is 233437801 composite?
False
Is 1216513093 a composite number?
False
Is 227792974 a composite number?
True
Is 5362857877 composite?
True
Is 22822529789 a prime number?
True
Is 1866187439 composite?
True
Is 122825792249 a composite number?
True
Is 2332474607 a prime number?
True
Is 10426284437 a composite number?
False
Is 44999041561 prime?
True
Is 1536910937 a prime number?
True
Is 594704561 composite?
True
Is 15096962633 composite?
True
Is 662662927 a composite number?
False
Is 302384063 a prime number?
True
Is 143632733 a prime number?
False
Is 188066872221 composite?
True
Is 154105331 a composite number?
True
Is 9045066991 a composite number?
False
Is 4880437063 a prime number?
True
Is 313748089381 composite?
False
Is 22852818991 a composite number?
False
Is 25270250887 prime?
False
Is 1720769923 composite?
True
Is 508591267 a prime number?
False
Is 12907551317 a composite number?
False
Is 16420219157 composite?
True
Is 62255981569 a composite number?
False
Is 172794391343 a composite number?
True
Is 183990767 prime?
Tr